{"id":13,"date":"2021-12-21T18:43:07","date_gmt":"2021-12-21T18:43:07","guid":{"rendered":"https:\/\/hamido.de\/?page_id=13"},"modified":"2024-07-03T09:23:00","modified_gmt":"2024-07-03T09:23:00","slug":"kontakt","status":"publish","type":"page","link":"https:\/\/hamido.de\/?page_id=13","title":{"rendered":"Kontakt"},"content":{"rendered":"\n<p class=\"has-text-align-left\">Allgemeine Fragen bitte per E-Mail an: info@hamido.de<br>oder auch per WhatsApp an: 0049 (0) 159 0 618 15 57.<\/p>\n\n\n\n<p class=\"has-text-align-center\"><strong>Der Weg zu einer perfekten End\u00fcbersetzung Ihrer Texte, Projekte, Dokumente oder B\u00fccher<\/strong><\/p>\n\n\n\n<p>Zu den perfekten \u00dcbersetzungen mit fair berechneten Preis-Leistungsverh\u00e4ltnissen durchl\u00e4uft jeder \u00dcbersetzungsauftrag die folgenden Schritte:<br>_______________________________________________________<\/p>\n\n\n\n<p><strong>Schritt 1<\/strong>)&nbsp;<strong>Ihre Anfrage<\/strong><\/p>\n\n\n\n<p>Sie h\u00e4ndigen uns Ihre Texte, Unterlagen und Vorgaben aus oder Sie senden sie uns auf einer der folgenden Wege zu:<br><br>Je nach dem, in welchem Land bzw. Bundesland Sie sich befinden, k\u00f6nnen Sie kontakt zu uns mit dem passenden Ansprechpartner wie folgt aufnehmen:<\/p>\n\n\n\n<p><strong>Schleswig- Holstein<\/strong>:<br>be. Dolm. erm. \u00dcbersetzer.: Jehad Nasrallah <br><a href=\"mailto:mail@hamido.de\">mail@hamido.de<\/a><br>Tel.:0049 (0) 159 0 618 12 57<br><\/p>\n\n\n\n<p><strong>Sachsen<\/strong>:<br>Sprachb\u00fcro Nasrallah:<br>Humboldtstr. 5 in 09599 Freiberg<br>Tel.: 0049 (0) 159 0 618 12 57<br><br><strong>Th\u00fcringen:<\/strong><br>Herr T. Atallah<br><a href=\"mailto:ata@hamido.de\">ata@hamido.de<\/a><br>Tel.: 0157 798 301 40<br><\/p>\n\n\n\n<p><strong>Brandenburg<\/strong>:<br>Wisam Aba Zeed<br><a href=\"mailto:wisam@hamido.de\">wisam@hamido.de<\/a><br>Tel. 1: 0176 63498174<br>Tel.2: 01590 7097903<br><\/p>\n\n\n\n<p><strong><mark style=\"background-color:rgba(0, 0, 0, 0);color:#0c1b8a\" class=\"has-inline-color\">International und alle andere Bundesl\u00e4nder:<\/mark><\/strong><br>Sprachb\u00fcro- Hauptsitz:<br>Hamido GmbH<br>Damm Stra\u00dfe 24 in 09599 Freiberg<br><a href=\"mailto:mail@hamido.de\">mail@hamido.de<\/a><br>Tel.: 0049 (0) 159 0 618 12 57<\/p>\n\n\n\n<p>___________________________________________________________<\/p>\n\n\n\n<p><strong>Schritt 2<\/strong>)&nbsp;<strong>Ihre Anfrage wird bearbeitet<\/strong><\/p>\n\n\n\n<p>Hierdurch erfahren wir mehr \u00fcber Ihre Texte und \u00fcber die Anforderungen, die die \u00dcbersetzung entsprechen muss, um Ihre die Perfekte Bedeutung zu erzielen.<\/p>\n\n\n\n<p>_________________________________________________________<\/p>\n\n\n\n<p><strong>Schritt 3<\/strong>)&nbsp;<strong>Wir w\u00e4hlen den passenden \u00dcbersetzer aus<\/strong><\/p>\n\n\n\n<p>Wir w\u00e4hlen den passenden \u00dcbersetzer f\u00fcr Sie aus. Dabei halten wir uns an den Erfahrungen im gew\u00fcnschten Fachgebiet und ber\u00fccksichtigen Muttersprachenprinzip.<\/p>\n\n\n\n<p>_______________________________<\/p>\n\n\n\n<p><strong>Schritt 4) Sie erhalten unser Angebot<\/strong><\/p>\n\n\n\n<p>Je nach den genannten Angaben schicken wir Ihnen ein individuelles Angebot passend zu Ihren Vorgaben je nach Wunsch per E-Mail oder Post zu.<\/p>\n\n\n\n<p>_______________________________<\/p>\n\n\n\n<p><strong>Schritt 5)<\/strong>&nbsp;<strong>Nachdem das Angebot von Ihnen best\u00e4tigt wird, beginnen wir umgehend mit der \u00dcbersetzung<\/strong><\/p>\n\n\n\n<p>Wir arbeiten daran, dass Ihren Anforderungen vollst\u00e4ndig entsprochen werden und dass Ihr Auftrag sorgf\u00e4ltig nach dem Vieraugenprinzip ausgef\u00fchrt wird. Nach abgeschlossener Kontrolle senden wir Ihnen die \u00dcbersetzung Ihrem W\u00fcnsch entsprechend per E-Mail oder Post zu.<\/p>\n\n\n\n<p>_______________________________<\/p>\n\n\n\n<p><strong>Qualit\u00e4t Nach der Lieferung<\/strong><\/p>\n\n\n\n<p>Unsere Qualit\u00e4tsgarantie gibt Ihnen die M\u00f6glichkeit innerhalb von 30 Tagen nach der Lieferung, Ihre Anmerkungen zur gelieferten \u00dcbersetzung mit uns zu besprechen und wir nehmen eventuelle Anpassungen vor.<\/p>\n","protected":false},"excerpt":{"rendered":"<p>Allgemeine Fragen bitte per E-Mail an: info@hamido.deoder auch per WhatsApp an: 0049 (0) 159 0 618 15 57. Der Weg zu einer perfekten End\u00fcbersetzung Ihrer Texte, Projekte, Dokumente oder B\u00fccher Zu den perfekten \u00dcbersetzungen mit fair berechneten Preis-Leistungsverh\u00e4ltnissen durchl\u00e4uft jeder \u00dcbersetzungsauftrag die folgenden Schritte:_______________________________________________________ Schritt 1)&nbsp;Ihre Anfrage Sie h\u00e4ndigen uns Ihre Texte, Unterlagen und Vorgaben &hellip; <a href=\"https:\/\/hamido.de\/?page_id=13\" class=\"more-link\"><span class=\"screen-reader-text\">Kontakt<\/span> weiterlesen <span class=\"meta-nav\">&rarr;<\/span><\/a><\/p>\n","protected":false},"author":1,"featured_media":0,"parent":0,"menu_order":0,"comment_status":"closed","ping_status":"closed","template":"","meta":{"footnotes":""},"class_list":["post-13","page","type-page","status-publish","hentry"],"_links":{"self":[{"href":"https:\/\/hamido.de\/index.php?rest_route=\/wp\/v2\/pages\/13","targetHints":{"allow":["GET"]}}],"collection":[{"href":"https:\/\/hamido.de\/index.php?rest_route=\/wp\/v2\/pages"}],"about":[{"href":"https:\/\/hamido.de\/index.php?rest_route=\/wp\/v2\/types\/page"}],"author":[{"embeddable":true,"href":"https:\/\/hamido.de\/index.php?rest_route=\/wp\/v2\/users\/1"}],"replies":[{"embeddable":true,"href":"https:\/\/hamido.de\/index.php?rest_route=%2Fwp%2Fv2%2Fcomments&post=13"}],"version-history":[{"count":36,"href":"https:\/\/hamido.de\/index.php?rest_route=\/wp\/v2\/pages\/13\/revisions"}],"predecessor-version":[{"id":287,"href":"https:\/\/hamido.de\/index.php?rest_route=\/wp\/v2\/pages\/13\/revisions\/287"}],"wp:attachment":[{"href":"https:\/\/hamido.de\/index.php?rest_route=%2Fwp%2Fv2%2Fmedia&parent=13"}],"curies":[{"name":"wp","href":"https:\/\/api.w.org\/{rel}","templated":true}]}}